{"id":917,"date":"2023-02-23T11:32:59","date_gmt":"2023-02-23T11:32:59","guid":{"rendered":"http:\/\/b-free.pl\/?page_id=917"},"modified":"2023-02-23T11:33:34","modified_gmt":"2023-02-23T11:33:34","slug":"polityka-prywatnosci","status":"publish","type":"page","link":"http:\/\/b-free.pl\/?page_id=917","title":{"rendered":"Polityka prywatno\u015bci"},"content":{"rendered":"\t\t<div data-elementor-type=\"wp-page\" data-elementor-id=\"917\" class=\"elementor elementor-917\">\n\t\t\t\t\t\t\t\t\t<section class=\"elementor-section elementor-top-section elementor-element elementor-element-6578b00 elementor-section-boxed elementor-section-height-default elementor-section-height-default\" data-id=\"6578b00\" data-element_type=\"section\" data-settings=\"{&quot;jet_parallax_layout_list&quot;:[]}\">\n\t\t\t\t\t\t<div class=\"elementor-container elementor-column-gap-default\">\n\t\t\t\t\t<div class=\"elementor-column elementor-col-100 elementor-top-column elementor-element elementor-element-2921cad\" data-id=\"2921cad\" data-element_type=\"column\">\n\t\t\t<div class=\"elementor-widget-wrap elementor-element-populated\">\n\t\t\t\t\t\t\t\t<div class=\"elementor-element elementor-element-912f4a5 elementor-widget elementor-widget-heading\" data-id=\"912f4a5\" data-element_type=\"widget\" data-widget_type=\"heading.default\">\n\t\t\t\t<div class=\"elementor-widget-container\">\n\t\t\t<style>\/*! elementor - v3.10.2 - 29-01-2023 *\/\n.elementor-heading-title{padding:0;margin:0;line-height:1}.elementor-widget-heading .elementor-heading-title[class*=elementor-size-]>a{color:inherit;font-size:inherit;line-height:inherit}.elementor-widget-heading .elementor-heading-title.elementor-size-small{font-size:15px}.elementor-widget-heading .elementor-heading-title.elementor-size-medium{font-size:19px}.elementor-widget-heading .elementor-heading-title.elementor-size-large{font-size:29px}.elementor-widget-heading .elementor-heading-title.elementor-size-xl{font-size:39px}.elementor-widget-heading .elementor-heading-title.elementor-size-xxl{font-size:59px}<\/style><h2 class=\"elementor-heading-title elementor-size-default\">Polityka prywatno\u015bci serwisu www.be-free.pl\u00a0<\/h2>\t\t<\/div>\n\t\t\t\t<\/div>\n\t\t\t\t<div class=\"elementor-element elementor-element-3989c53 elementor-widget elementor-widget-text-editor\" data-id=\"3989c53\" data-element_type=\"widget\" data-widget_type=\"text-editor.default\">\n\t\t\t\t<div class=\"elementor-widget-container\">\n\t\t\t<style>\/*! elementor - v3.10.2 - 29-01-2023 *\/\n.elementor-widget-text-editor.elementor-drop-cap-view-stacked .elementor-drop-cap{background-color:#818a91;color:#fff}.elementor-widget-text-editor.elementor-drop-cap-view-framed .elementor-drop-cap{color:#818a91;border:3px solid;background-color:transparent}.elementor-widget-text-editor:not(.elementor-drop-cap-view-default) .elementor-drop-cap{margin-top:8px}.elementor-widget-text-editor:not(.elementor-drop-cap-view-default) .elementor-drop-cap-letter{width:1em;height:1em}.elementor-widget-text-editor .elementor-drop-cap{float:left;text-align:center;line-height:1;font-size:50px}.elementor-widget-text-editor .elementor-drop-cap-letter{display:inline-block}<\/style>\t\t\t\t<p class=\"p1\">Pliki cookie to ma\u0142e pliki tekstowe umieszczane na Twoim komputerze podczas odwiedzin naszej strony. U\u017cywamy ich w celu usprawnienia dzia\u0142ania stron internetowych lub zwi\u0119kszenia ich wydajno\u015bci, a tak\u017ce w celu dostarczenia nam informacji. Je\u015bli nie chcesz korzysta\u0107 z plik\u00f3w cookie, mo\u017cesz nimi zarz\u0105dza\u0107 i kontrolowa\u0107 je za pomoc\u0105 przegl\u0105darki, w tym usuwa\u0107 pliki cookie, usuwaj\u0105c je z historii przegl\u0105darki po opuszczeniu strony.<\/p><p class=\"p1\">U\u017cywamy plik\u00f3w cookie w celu personalizacji wy\u015bwietlania strony. Korzystaj\u0105c z naszej strony, wyra\u017casz zgod\u0119 na wykorzystanie plik\u00f3w cookie. Pami\u0119taj, \u017ce usuni\u0119cie lub zablokowanie plik\u00f3w cookie mo\u017ce mie\u0107 wp\u0142yw na korzystanie ze strony, a niekt\u00f3re funkcje mog\u0105 sta\u0107 si\u0119 niedost\u0119pne.<\/p><p class=\"p1\">Strona Be-Free korzysta z nast\u0119puj\u0105cych cookies:<\/p><p class=\"p1\">&#8211; sesyjnych, kt\u00f3re s\u0105 przechowywane w pami\u0119ci przegl\u0105darki do momentu zamkni\u0119cia przegl\u0105darki. Te cookies s\u0105 obowi\u0105zkowe, aby funkcjonalno\u015bci dzia\u0142a\u0142y poprawnie.<\/p><p class=\"p1\">&#8211; sta\u0142ych, kt\u00f3re pozostaj\u0105 w pami\u0119ci przegl\u0105darki przez d\u0142u\u017cszy okres. Czas ten zale\u017cy od wyboru, kt\u00f3rego mo\u017cna dokona\u0107 w ustawieniach przegl\u0105darki. Ten rodzaj cookies zezwala na przekazywanie informacji na serwer za ka\u017cdym razem, gdy odwiedzana jest nasza strona.<\/p><p class=\"p3\">Pop-up z informacj\u0105 o ciasteczkach:<\/p><p class=\"p3\">Ta strona korzysta z cookies (ciasteczek) aby \u015bwiadczy\u0107 us\u0142ugi na najwy\u017cszym poziomie. Dalsze korzystanie ze strony oznacza, \u017ce zgadzasz si\u0119 na ich u\u017cycie.<\/p>\t\t\t\t\t\t<\/div>\n\t\t\t\t<\/div>\n\t\t\t\t\t<\/div>\n\t\t<\/div>\n\t\t\t\t\t\t\t<\/div>\n\t\t<\/section>\n\t\t\t\t\t\t\t<\/div>\n\t\t","protected":false},"excerpt":{"rendered":"<p>Polityka prywatno\u015bci serwisu www.be-free.pl\u00a0 Pliki cookie to ma\u0142e pliki tekstowe umieszczane na Twoim komputerze podczas odwiedzin naszej strony. U\u017cywamy ich w celu usprawnienia dzia\u0142ania stron internetowych lub zwi\u0119kszenia ich wydajno\u015bci, a tak\u017ce w celu dostarczenia nam informacji. Je\u015bli nie chcesz korzysta\u0107 z plik\u00f3w cookie, mo\u017cesz nimi zarz\u0105dza\u0107 i kontrolowa\u0107 je za pomoc\u0105 przegl\u0105darki, w tym [&hellip;]<\/p>\n","protected":false},"author":1,"featured_media":0,"parent":0,"menu_order":0,"comment_status":"closed","ping_status":"closed","template":"","meta":{"footnotes":""},"class_list":["post-917","page","type-page","status-publish","hentry"],"_links":{"self":[{"href":"http:\/\/b-free.pl\/index.php?rest_route=\/wp\/v2\/pages\/917","targetHints":{"allow":["GET"]}}],"collection":[{"href":"http:\/\/b-free.pl\/index.php?rest_route=\/wp\/v2\/pages"}],"about":[{"href":"http:\/\/b-free.pl\/index.php?rest_route=\/wp\/v2\/types\/page"}],"author":[{"embeddable":true,"href":"http:\/\/b-free.pl\/index.php?rest_route=\/wp\/v2\/users\/1"}],"replies":[{"embeddable":true,"href":"http:\/\/b-free.pl\/index.php?rest_route=%2Fwp%2Fv2%2Fcomments&post=917"}],"version-history":[{"count":0,"href":"http:\/\/b-free.pl\/index.php?rest_route=\/wp\/v2\/pages\/917\/revisions"}],"wp:attachment":[{"href":"http:\/\/b-free.pl\/index.php?rest_route=%2Fwp%2Fv2%2Fmedia&parent=917"}],"curies":[{"name":"wp","href":"https:\/\/api.w.org\/{rel}","templated":true}]}}